0449?
229
Calculate the greatest common factor of 76 and 2454397504.
76
What is the highest common factor of 700 and 4872775?
25
Calculate the highest common factor of 15894 and 118242.
18
What is the greatest common divisor of 91 and 3858246?
7
Calculate the greatest common factor of 65696200 and 9400.
200
Calculate the greatest common factor of 42 and 28020622.
14
What is the greatest common divisor of 166074 and 163938?
534
What is the highest common factor of 499599 and 279?
9
What is the greatest common divisor of 7 and 129095673?
7
Calculate the greatest common divisor of 945501757 and 16334.
8167
What is the highest common divisor of 143 and 308748?
11
What is the greatest common factor of 3366004128 and 524?
524
What is the highest common factor of 17 and 118670557?
17
Calculate the greatest common divisor of 125293 and 1323.
49
What is the highest common factor of 312178097 and 385?
77
What is the greatest common factor of 61119258 and 9906?
762
Calculate the highest common factor of 2730 and 66398670.
390
Calculate the highest common divisor of 7500012 and 1326.
78
What is the greatest common divisor of 6 and 6782442?
6
What is the greatest common factor of 3465 and 120972555?
495
What is the greatest common factor of 365293877 and 26?
13
What is the greatest common factor of 20761862 and 490501?
8041
What is the greatest common divisor of 500073750 and 106920?
8910
Calculate the highest common factor of 866 and 49938323.
433
Calculate the highest common divisor of 3723 and 82311807.
3723
What is the highest common divisor of 2627092 and 191672?
988
Calculate the highest common divisor of 322712 and 23958584.
11128
Calculate the greatest common factor of 31441881 and 2586.
1293
What is the highest common divisor of 276 and 509045844?
276
Calculate the highest common divisor of 5667224 and 8.
8
Calculate the greatest common factor of 1862 and 1607360328.
1862
What is the greatest common factor of 137239501 and 261023?
5327
What is the highest common divisor of 40953924 and 52668?
396
Calculate the highest common divisor of 15362670 and 17670.
930
Calculate the greatest common divisor of 425373676 and 1687.
1687
What is the greatest common divisor of 26411979 and 33?
33
Calculate the highest common factor of 29802163 and 161429.
1481
What is the greatest common divisor of 231 and 15920751?
231
Calculate the highest common divisor of 101182994 and 6490.
1298
What is the highest common divisor of 53682983 and 1289?
1289
Calculate the highest common divisor of 7218 and 59688.
18
What is the highest common factor of 145424 and 572912?
976
Calculate the greatest common factor of 898200 and 27720.
360
What is the greatest common divisor of 784 and 14332696?
392
Calculate the greatest common factor of 384597 and 327519.
1359
What is the greatest common divisor of 2870 and 3539735?
205
What is the greatest common divisor of 1557275136 and 3072?
1536
What is the greatest common factor of 34615 and 392628055?
4945
Calculate the highest common divisor of 9822769 and 22.
11
Calculate the highest common factor of 36665877 and 171.
57
Calculate the greatest common divisor of 1140 and 12148068.
228
Calculate the greatest common factor of 25 and 2799844.
1
What is the greatest common factor of 76616011 and 777?
37
Calculate the highest common factor of 3934824 and 2698.
38
Calculate the highest common divisor of 666229408 and 26.
26
What is the greatest common factor of 33478711 and 13818?
2303
Calculate the highest common divisor of 735612 and 10.
2
Calculate the greatest common divisor of 46518379 and 733.
733
What is the greatest common divisor of 23 and 201023611?
23
Calculate the highest common divisor of 9515997 and 324.
9
What is the greatest common divisor of 933078915 and 614?
307
What is the greatest common factor of 7744 and 3968558?
242
Calculate the highest common divisor of 13 and 17357717.
13
What is the greatest common divisor of 1573 and 10327889?
143
What is the greatest common divisor of 3228 and 437388?
12
Calculate the greatest common factor of 119035171 and 95.
19
What is the highest common factor of 49302253 and 143?
143
Calculate the highest common divisor of 11860 and 45080.
20
Calculate the highest common divisor of 22975435 and 262.
131
What is the highest common factor of 8601347 and 489?
163
What is the highest common divisor of 10516 and 532492?
956
What is the greatest common divisor of 56 and 74954950?
14
What is the highest common divisor of 315076 and 3307604?
1388
What is the highest common divisor of 12894944 and 832?
32
What is the highest common divisor of 734976 and 4631?
11
Calculate the greatest common factor of 6048 and 4254579.
189
What is the highest common divisor of 2732722105 and 545?
545
What is the greatest common factor of 20925 and 1905725?
775
What is the highest common factor of 48369 and 10005?
69
Calculate the highest common divisor of 1102 and 13900222.
58
What is the greatest common divisor of 323 and 56014167?
17
What is the highest common factor of 7005972 and 31476?
732
Calculate the highest common divisor of 10566 and 2070.
18
Calculate the highest common divisor of 273 and 34462896.
39
What is the highest common divisor of 12549 and 1811699130?
12549
Calculate the highest common factor of 18718 and 22638.
98
What is the greatest common factor of 253169 and 26432?
413
Calculate the highest common divisor of 31119 and 327129.
759
What is the highest common factor of 17332720 and 186?
62
What is the highest common divisor of 36 and 41497686?
18
Calculate the highest common factor of 2886786375 and 165.
165
Calculate the greatest common divisor of 813102 and 143985.
87
Calculate the highest common factor of 2184 and 434586516.
1092
Calculate the greatest common divisor of 12 and 109992270.
6
Calculate the greatest common factor of 6442161 and 66.
33
Calculate the greatest common divisor of 3198 and 53625.
39
Calculate the highest common divisor of 1179 and 3257184.
393
Calculate the highest common divisor of 34805 and 7295.
5
Calculate the greatest common factor of 63568 and 38.
2
What is the highest common factor of 554612 and 1111497?
2273
What is the greatest common factor of 3495 and 53313895?
1165
Calculate the highest common factor of 41487831 and 77.
77
What is the greatest common divisor of 111156064 and 34?
34
What is the greatest common factor of 2833661 and 1572?
131
What is the greatest common divisor of 6227 and 4343093?
479
Calculate the greatest common divisor of 108703999 and 127.
127
Calculate the greatest common divisor of 1454808 and 648.
24
What is the greatest common factor of 929242709 and 38?
19
Calculate the highest common factor of 10714938 and 9126.
1014
What is the greatest common divisor of 60 and 44753730?
30
What is the highest common factor of 579 and 371571899?
193
What is the highest common divisor of 19705988 and 24?
4
Calculate the greatest common factor of 963032 and 18879.
203
Calculate the highest common factor of 12 and 216103062.
6
Calculate the greatest common divisor of 791994 and 682122.
4578
Calculate the greatest common factor of 72721705 and 2842.
203
Calculate the highest common factor of 567 and 22171401.
567
What is the greatest common divisor of 15422 and 16984?
22
What is the greatest common divisor of 15 and 242363950?
5
Calculate the greatest common divisor of 3960 and 1341384.
264
Calculate the highest common factor of 1472876 and 93615.
6241
What is the highest common divisor of 9647302 and 210?
14
Calculate the highest common factor of 4047 and 1052433.
213
Calculate the greatest common factor of 39026125 and 625.
125
Calculate the greatest common factor of 6196554 and 5616.
702
What is the highest common factor of 6414920 and 88?
8
What is the greatest common divisor of 1768632832 and 16?
16
Calculate the greatest common divisor of 11936795 and 63560.
1135
What is the greatest common divisor of 10686 and 631150?
26
Calculate the greatest common divisor of 18396 and 17539704.
252
Calculate the greatest common divisor of 77237642 and 996.
166
What is the greatest common divisor of 3008 and 17305024?
3008
What is the highest common divisor of 9 and 172361421?
9
What is the greatest common divisor of 5685624 and 1316?
28
Calculate the hi